?
2
Calculate the remainder when 311 is divided by (1*(3 + -4))/((-1)/35).
31
Let h = 694 - 677. Suppose 0*a - 39 = a. Let q = a + 89. What is the remainder when q is divided by h?
16
Suppose y = 4*y - 48. Let w be (-73)/(-2) - (-3)/(-2). Suppose h - w = 10. Calculate the remainder when h is divided by y.
13
What is the remainder when -1*(-3)/(-2 + 5)*327 is divided by 10?
7
Let o = -12 + 14. Suppose o*i = 2*g - 78, i + 223 - 64 = 4*g. What is the remainder when g is divided by 21?
19
Suppose -2*k = 2*d - 26, -k + 2 = -4*d - 1. Let o be 63/2 - (-3)/(-6) - 3. Let g = 80 - o. What is the remainder when g is divided by k?
8
Let z(m) = -m**3 - 5*m**2 - 5*m - 4. Let l be z(-4). Suppose -2 = h + 2*r - 39, 5*r + 15 = l. Calculate the remainder when h is divided by (24 - 1) + -2 + 2.
20
Let a be (12/(-6) + 3)*(4 + -1). Suppose w = a*z + 42, -4*w + 0*w + 2*z + 138 = 0. What is the remainder when w is divided by 18?
15
Suppose 3*a - 430 = 42*k - 43*k, 4*k = -4*a + 584. What is the remainder when a is divided by 5?
2
Calculate the remainder when (35 + -3)*2*(-10)/(-4) is divided by 23.
22
Let u = 38 - 16. Suppose -2*r + 97 = -77. What is the remainder when r is divided by u?
21
Suppose -3*x = c - 414, -2*x + 8*c = 12*c - 266. Calculate the remainder when x is divided by 74.
65
Let o(p) = -p**3 + 30*p**2 + 33*p - 44. What is the remainder when 53 is divided by o(31)?
17
Let u(n) = -n**3 + 8*n**2 - 5*n + 47. Calculate the remainder when u(6) is divided by 32.
25
Suppose -3*r + 57 = 15*r - 69. Let u = 219 - 96. Calculate the remainder when u is divided by r.
4
Let d(p) = -49*p + 6. Suppose 2*h + j - 59 = 0, -5*h + 97 = 5*j - 53. What is the remainder when d(-4) is divided by h?
28
What is the remainder when 552 + (3 - (-9 - -6)) is divided by 20?
18
Let f(g) = 17*g - 124. What is the remainder when f(8) is divided by 2?
0
Let o(y) = 39*y**2 + 61*y + 3. Calculate the remainder when o(-5) is divided by 135.
133
Let q = 492 + -322. Calculate the remainder when q is divided by 63.
44
Let o = 37 - 31. Let j = -11 - -8. What is the remainder when (j/(-1))/3 - -16 is divided by o?
5
Suppose 0 = 4*g - 3*g - 63. Suppose -2*p = -2*a - 62, -164 = -5*p - a - 3*a. Calculate the remainder when g is divided by p.
31
Let t(l) = l**3 + 12*l**2 - 3. Let c be t(-11). Suppose c = 4*k - 6. Calculate the remainder when k is divided by 8.
7
Suppose 22*d = -27 + 313. What is the remainder when 56 is divided by d?
4
Let x = 407 - 326. Calculate the remainder when x is divided by 12.
9
Let q(h) = 7*h**2 + 3*h**2 - 2*h + 11 - h**3 + 4 + h. Calculate the remainder when q(10) is divided by 4.
1
Suppose -2 = p - 4*w, -76*p = -72*p - w - 22. What is the remainder when 369 is divided by p?
3
Calculate the remainder when 0 + 4 - (350/(-5) + 0) is divided by 31.
12
Let j(i) = -39*i - 4. Let r be j(2). Let o = r - -91. What is the remainder when 43 is divided by o?
7
Let a = 10 + 31. Let c(n) = -2*n + 0*n + 7 + 3*n**2 + 3*n - 16. What is the remainder when a is divided by c(-3)?
11
What is the remainder when 3/(-12) + 285/4 is divided by -3 + (-45)/(-3) - -3?
11
Suppose r + 69 + 32 = 5*n, 0 = -n + 5*r + 1. What is the remainder when n is divided by 14?
7
Let h = 2877 - 2865. Calculate the remainder when 887 is divided by h.
11
Let p = -20 + 116. Let d be (-6)/4*(-1144)/(-39). Let u = p + d. Calculate the remainder when u is divided by 14.
10
Suppose -390 = -y - 376. What is the remainder when 77 is divided by y?
7
Suppose -2*f - 47 = 3*p - 0*f, 2*f = 3*p + 67. Let n = p + 13. Calculate the remainder when 17 is divided by 10 - (-3 - n - 3).
7
Calculate the remainder when 384 is divided by 1/(-2) + 1207/34.
34
Suppose -126 = 99*v - 113*v. Calculate the remainder when 30 is divided by v.
3
Let b(o) = -o**2 + 14*o - 10. Let c = 986 + -942. What is the remainder when c is divided by b(11)?
21
Suppose -5*j + j = -28. Suppose -j*z + 14 + 336 = 0. Calculate the remainder when z is divided by 13.
11
Suppose 19 = v + 1. Calculate the remainder when (4/(-4))/(-1)*64 is divided by v.
10
Suppose -39*n + 2272 = 32*n. Calculate the remainder when 93 is divided by n.
29
Let l(r) = -r**2 - r + 20. Let p be l(0). Let g = 62 - p. Calculate the remainder when g is divided by (-268)/(-12) + (-2)/6.
20
Let f(h) = 4*h**3 + 3*h**2 + 9*h - 9. What is the remainder when 10 is divided by f(1)?
3
Suppose 4*f - 7*w - 246 = -9*w, 2 = 2*w. What is the remainder when f is divided by 19?
4
Let n(p) = 6*p**2 - 12*p - 43. What is the remainder when n(-4) is divided by 15 - (-1 + 3 - 4)?
16
Let p(r) = r**3 - 6*r**2 + r + 3. What is the remainder when p(7) is divided by 16?
11
Let h(d) be the first derivative of -11*d**4/4 - d**3/3 + d**2 - 2*d - 11. Let r be h(1). Calculate the remainder when 114 is divided by (-4)/6 - 476/r.
36
Suppose 0 = 21*u - 26*u - q + 145, 2*q = 2*u - 70. Calculate the remainder when u is divided by 2 + (-1)/((-4)/64).
12
Suppose -127*q + 84 = -115*q. What is the remainder when 13 is divided by q?
6
Suppose -3*k + 10 = 31. Let g be (-21)/(-5) + k/35. Suppose m - 4*r = -0*r + 17, 0 = -2*m - g*r - 14. Calculate the remainder when m is divided by 1.
0
Let w(x) = -2*x - 21. Let o be w(-12). Suppose o*j = 5*j - 4. Calculate the remainder when 6 is divided by j.
0
Let u(q) = 2*q**2 + 3*q - 6. Let t be u(5). Let p = -16 + t. Let x = p + -18. What is the remainder when 74 is divided by x?
24
Let z(b) = 3*b**2 - 16*b + 79. What is the remainder when z(8) is divided by 33?
11
Let b(h) = h**2 + 8*h + 6. Suppose 52*t + 8 = 51*t. Let s be b(t). Suppose 0*f - s = -f. Calculate the remainder when 22 is divided by f.
4
Suppose -4*f + 4*s = -0*s - 20, 3*s + 13 = 2*f. Suppose 0 = f*d + 3*j - 4, -d + 2*j + 6 = 2*d. What is the remainder when (d + 3)*(-32)/(-5) is divided by 11?
10
Suppose -2*s = s. Suppose -k + b + 13 = -s*b, 0 = 4*b + 4. Calculate the remainder when 20 is divided by k.
8
Let d(c) = -17*c - 22. What is the remainder when d(-4) is divided by 16?
14
Let g = -480 - -499. What is the remainder when 55 is divided by g?
17
Suppose 0 = -4*v + 7*v. Let d(c) be the first derivative of -2*c**2 + 29*c - 3. What is the remainder when d(v) is divided by 6?
5
Let t = -10 + 12. Suppose 0 = 7*y - t*y - 35. What is the remainder when 0*(-1)/(-2) + 20 is divided by y?
6
Calculate the remainder when 132 is divided by (18 + 1/(-1))/((-1)/(-4)).
64
Let t(l) = l**3 - 15*l**2 + 15*l - 11. Let b = 24 + -10. Let j be t(b). Let m(o) = o**3 - o**2 - 5*o + 2. What is the remainder when 16 is divided by m(j)?
1
Suppose -f + 3 = -2*f, r - 4*f = -70. Calculate the remainder when 241/3 + (-2)/(-3) is divided by (3/(-6))/(1/r).
40
Suppose -2*q - 2*q = -20, 2*v - 3*q - 77 = 0. Let d be 31 + -30 - (-1)/(-1). Suppose -6*w + w + 120 = d. What is the remainder when v is divided by w?
22
What is the remainder when 7 is divided by 90/35 + (-3)/(-7)?
1
Calculate the remainder when (-595)/(-4) - (-2)/8 is divided by (-6 - 51)/(((-99)/(-6))/(-11)).
35
Let r(g) = -2*g + 3. Calculate the remainder when r(-11) is divided by (-6)/12*28/((-2)/1).
4
Let p = -208 - -256. Calculate the remainder when p is divided by (16 - 2)*(-1)/(-1).
6
Suppose 3*q - 12 = -3. Calculate the remainder when (q + -41 + -2)/(-1) is divided by 14.
12
Suppose -43*l = 2*j - 42*l - 19, -5*j = -5*l - 85. Calculate the remainder when 154 is divided by j.
10
Let b(u) = 22*u - 7 - 10 - 4 - 19*u. Let z be b(9). Suppose z*k - 104 = 2*k. Calculate the remainder when k is divided by 14.
12
Let b be 116/14 - 10/35. Suppose -b = -g - g. Calculate the remainder when 8 is divided by g.
0
Suppose 5 = -2*b + 41. What is the remainder when 59 is divided by b?
5
Let h(m) = -37*m - 117. What is the remainder when 197 is divided by h(-4)?
11
Suppose -4*p + p + 240 = 0. Suppose k = 3*k - p. Calculate the remainder when 157 is divided by k.
37
Suppose 72 = k - 51. Suppose 4*i = z + 6, -7*z + i + 29 = -91. What is the remainder when k is divided by z?
15
Let y = -10 + 17. Suppose -y*n + t = -4*n - 50, 4*n - t = 65. Suppose 2*g = 43 + 71. What is the remainder when g is divided by n?
12
Let r = 1810 + -3150. Let n be r/(-25) - (-4)/10. Suppose 46 = 4*k - n. Calculate the remainder when k is divided by 9.
7
Let s = 468 + -446. Calculate the remainder when 349 is divided by s.
19
Let n = 1512 + -15